s f(-7)?
-16
Suppose 2*w - 3*o = 21, -7*o + 10 = -9*o. Suppose 3 = w*d - 0. Let n(m) = -5*m**3 + 1. Calculate n(d).
-4
Let y(m) = -5*m**2 + 5 + m + 2*m**2 + 2*m**2. Suppose 20*p = 5 - 105. Give y(p).
-25
Suppose 207 = -2*p + 177. Let l(t) = -t**2 - 18*t + 17. Determine l(p).
62
Let v be 34*(5 - 4) - -4. Let i(l) = 5*l - 15 + v - 13 - 12. Calculate i(3).
13
Let f = 2620 - 2614. Let m(n) = -2*n**3 + 13*n**2 - 5*n + 10. What is m(f)?
16
Let c be (-260)/50*(-79 + -1). Let u = 419 - c. Let i(h) = -h**2 + h. Determine i(u).
-6
Suppose 5*h = 4*h + 4*u + 7, 4*h = -5*u + 7. Suppose -v + a + 15 = v, -v - h = 3*a. Let c be (-4 + v/1)*-2. Let w(k) = k**2 + 6*k + 5. What is w(c)?
-3
Let q = 160 + -245. Let v = -163 - q. Let h = 75 + v. Let m(a) = -3*a**2 - 4*a - 4. Determine m(h).
-19
Let t(x) be the third derivative of 2*x**4/3 + 55*x**3/3 - 536*x**2. Calculate t(-7).
-2
Let p be (4116/112)/((-3)/(-8)). Let n be 102 - p - (-1 + -9). Let o(c) = -c + 19. Determine o(n).
5
Let r(l) = 3*l - l - 3*l + 87 - 97. Determine r(-22).
12
Let g(u) = 32*u + 10. Let y(c) be the third derivative of -13*c**4/8 - 5*c**3/3 + 127*c**2. Let x(p) = 5*g(p) + 4*y(p). Determine x(-4).
-6
Suppose -19*z = x - 15*z + 2, -2*x + 4*z = -8. Let a(v) be the second derivative of -1/12*v**4 + 0 - 11*v - 1/3*v**3 - 3/2*v**x. Give a(-5).
-18
Let b(y) = 2763451 - 2763363 + 6*y + 0*y. Determine b(-14).
4
Let a(c) = c**2 - 12*c - 18. Let i(k) = 291*k**2 + 3*k + 2. Let s be i(1). Let r = s + -282. Give a(r).
10
Let c(d) = 12*d**2 - 2*d**2 + 19 + 17*d - 2*d**3 - 21*d + 12 - d. Calculate c(5).
6
Let q(k) = 2*k + 14. Let l be q(-7). Let b(f) = f**2 - 5 + 8*f + 4 + 7 + l. Give b(-8).
6
Let k(o) be the first derivative of -2*o**2 + 16*o + 75. Let j(r) = -15*r + 57. Let i(f) = -5*j(f) + 18*k(f). Calculate i(0).
3
Let s(r) = -9*r**2 - 2*r**2 + 4*r**3 - 13 + 4*r + 7*r**2 + 3 - 3*r**2. Let y(x) = -5*x**3 + 7*x**2 - 3*x + 11. Let k(w) = -6*s(w) - 5*y(w). Calculate k(-8).
13
Let j(t) = -5*t - 35. Let i(s) = 14*s + 23. Let p(m) = 3*i(m) + 2*j(m). Suppose -8 = -4*x + 3*y - y, -11 = -5*x + 3*y. Determine p(x).
31
Let c(f) = -f**3 - 9*f**2 - 9*f - 1. Let b(n) = -5*n + 122. Let t be (-3)/(-3)*(-3 + 29 + 0). Let m be b(t). Give c(m).
7
Let t(a) be the third derivative of -a**4/3 - 65*a**3/6 + 2257*a**2. Give t(-7).
-9
Let v(p) = -p - 17. Suppose 23 + 28 = -3*o. Let k be v(o). Suppose -2*m = -g - 6*m - 6, k = g - 4*m - 2. Let r(l) = 2*l**3 + l**2 - 3*l - 1. Give r(g).
-7
Suppose 332*o - 212*o = -360. Let h(n) = -5 + 1 + n**3 - 2*n**3 - n - 3*n**2. Determine h(o).
-1
Let t(g) be the first derivative of -g**4 - 2*g**2 - 13*g - 3475. Determine t(-2).
27
Suppose -4*r - u = -1, -7 + 3 = -4*u. Let o(j) = j**2 - 21. Determine o(r).
-21
Let n(x) = -x**2 - 7*x + 11. Suppose -5*w = -53 + 158. Let y(b) = -3*b - 72. Let l be y(w). What is n(l)?
-7
Let v(l) = -2*l + 2. Suppose 5*w + 24*w - 87 = 0. Suppose -w*n = -x + 13, -3*x - 5*n + n = 0. What is v(x)?
-6
Let o(w) = 13*w + 1. Let q be -3 + ((-3)/(-1))/((-3)/4). Let d be (-3)/q + (-130)/91. What is o(d)?
-12
Let o(w) = -3*w**3 - 15*w**2 + 4*w - 1. Let y(v) = -2*v**3 - 14*v**2 + 6*v. Let q(f) = 3*o(f) - 4*y(f). Determine q(10).
-23
Let l(r) = 8*r - 27. Let c be l(3). Suppose 8*h - 15 = 3*h, 4*a - 11 = -5*h. Let v be (c - 4)/(a*(3 + -2)). Let k(g) = g**2 - 7*g - 9. What is k(v)?
-9
Let r(y) = 15*y + 14. Let g(m) = 7*m + 6. Let k(c) = 5*g(c) - 2*r(c). Let b(p) = 7*p + 1. Let x(w) = 3*b(w) - 4*k(w). Give x(-5).
-10
Let k be 4/(-14) + (-27)/(-21). Let v(n) be the first derivative of -n + 0*n**2 - 8 - 7/3*n**3. Calculate v(k).
-8
Let m(h) = -h**3 - 8*h**2 + 3*h + 2. Let r(t) = 4*t**2 + 325*t + 73. Let l be r(-81). Determine m(l).
-22
Let r = 2 + -10. Let j(x) = 5*x**3 + 8*x**2 - 3*x + 6. Let w(z) = -z**3 + z - 3. Let m(l) = j(l) + 4*w(l). Determine m(r).
-14
Let v(g) = -4*g - 14. Let s(t) = -t**2 + 15*t - 24. Let d be s(7). Suppose -3*k = -17 + d. Calculate v(k).
6
Let b(i) be the third derivative of 2/15*i**5 + 0 - 7/6*i**3 + 25*i**2 - 1/120*i**6 - 1/4*i**4 - i. Let n(t) = -2*t + 1. Let y be n(-3). Give b(y).
0
Let m(b) = -b**3 + 8*b**2 - 8*b - 2. Let q(i) = i**2 - i. Let u(r) = -m(r) + 6*q(r). Let t(j) = j**2 + 184*j + 8241. Let a be t(-107). What is u(a)?
6
Let q(u) = -21*u - 3*u - u. Suppose 0 = -2*g + p + 306 - 307, 0 = -5*g + 2*p - 3. Calculate q(g).
25
Let u(c) = c**3 - 5*c**2 - 5*c + 1. Let y(n) be the first derivative of n**4 - 5*n**3 - 17*n**2/2 + 2*n - 22. Let o(l) = -7*u(l) + 2*y(l). Determine o(-5).
-8
Let o = 30841 + -30843. Let d(f) = 6*f**3 - 7*f - 2. Calculate d(o).
-36
Let c(h) be the second derivative of h**5/60 + h**4/6 - 7*h**3/6 + 9*h**2/2 - 12*h + 1. Let t(f) be the first derivative of c(f). Give t(-5).
-2
Let u(b) = -16*b**3 - 2*b**2 - 10*b + 8. Let c(r) = 10*r**3 + r**2 + 3*r - 9. Let a(x) = -3*c(x) - 2*u(x). What is a(-1)?
-1
Let s be (1*-4)/((-12)/42). Let q(x) = 79*x - s - 78*x - 9. Determine q(0).
-23
Let f be (-13)/(-6) + 294/(-196)*10/(-18). Let d(c) = 13*c**2 + 2*c - 9. Calculate d(f).
114
Suppose 4*y = 4*k, 5*y + 2*k - 46 + 11 = 0. Suppose 21 - 9 = u + 4*z, -5*u - y*z + 15 = 0. Let i(w) = -w**2 + w - 2. Give i(u).
-2
Let i(o) = 49*o + 8 + 2 - 11 + 57*o - 105*o. Let k(f) = -4*f + 13. Let q = -1 + 0. Let z(m) = q*k(m) - 6*i(m). Give z(5).
-17
Let d(z) = z**2 - 3*z - 30. Suppose 8*p + 1 = 7*p - 5*h, 0 = -3*h - 6. What is d(p)?
24
Let w(t) = t**3 + 4*t**2 + t + 7. Let g(j) = -4*j**3 + 6*j**2 + 13*j + 30. Let p be g(-5). Let m = p + -619. Give w(m).
3
Let w(h) = h - 29. Suppose 158*l = -14*l + 2236. What is w(l)?
-16
Let g(b) = 2*b + 134 - b - 250 - 5*b. Calculate g(-27).
-8
Let a(w) = -w**3 - 7*w**2 - w - 8. Let c(l) = -37*l + 34. Let k be c(7). Let v = k - -157. Let n = v + 61. Calculate a(n).
-1
Let s(t) = 102*t**2 + 23*t - 133*t**2 + 50 + 32*t**2. What is s(-20)?
-10
Let d(y) = y**2 + 17*y - 1. Let l be ((-16)/40)/((-14)/(-10)*(-4)/(-238)). Determine d(l).
-1
Let f(j) be the first derivative of j**4/24 + j**3 - 103*j**2 - 198. Let a(x) be the second derivative of f(x). Calculate a(-4).
2
Let f(y) be the first derivative of 79 - 3/2*y**2 + 0*y. Give f(-5).
15
Let x(m) = -16*m**2 + 78*m + 72. Let d(s) = -3*s**2 + 16*s + 15. Let v(g) = 11*d(g) - 2*x(g). Give v(21).
0
Let b(z) = -z**3 + 5*z**2 + 6*z + 8. Let u be (220/3)/11 + (-7)/(42/4). Calculate b(u).
8
Let k(a) = 8*a - 1. Let s = -731 - -4. Let u = s + 729. Give k(u).
15
Let q(r) be the first derivative of 14 - 2*r + 1/3*r**3 + 5*r**2. Let a(c) = 21*c + 16. Let k be a(-1). What is q(k)?
-27
Let r be 130/6 - (-15)/45. Let k(m) = 2 + 26*m**3 + 4*m**2 + 0*m**2 - 3*m**3 - r*m**3 + 3*m. What is k(-3)?
2
Suppose 1111 - 684 = 61*u. Let l(h) = 9*h - 9. What is l(u)?
54
Let v(q) = -2*q - 3. Let o(d) = 2*d**2 + 14*d + 24. Let u be o(-3). Suppose -9*p - 56 + 2 = u. What is v(p)?
9
Suppose -45 = -8*w + 195. Suppose -9*z + w + 42 = 0. Let g(i) = i - 10. Give g(z).
-2
Let k(y) = -y**3 - 7*y**2 + 8*y - 13. Let s(a) = -2*a**2 + 50*a + 100. Let q be s(-2). Give k(q).
-13
Let g(o) = 8*o**2 - 19*o - 81. Let x(q) = 7*q**2 - 20*q - 77. Let u(k) = -8*g(k) + 9*x(k). What is u(-27)?
-18
Let k = -3935 + 3926. Let z(w) = -w**3 - 11*w**2 - 19*w - 18. Give z(k).
-9
Let r be (-1)/2 - -3*(-20)/(-24). Suppose -t - p = 0, 2*t + r = -5*p - 13. Let l(g) = -3221*g + 3221*g - g**2 + t. Determine l(-5).
-20
Let n(g) = -g**3 - 7*g**2 + 4*g - 4. Let p(d) = 6*d**3 + 40*d**2 - 27*d + 27. Let k(i) = 13*n(i) + 2*p(i). Give k(-10).
-78
Let i(n) = 6*n**3 + 101*n**2 + 39*n - 168. Let y(b) = b**3 + 20*b**2 + 9*b - 34. Let t(g) = -2*i(g) + 11*y(g). Calculate t(19).
0
Let j(c) = c + 27. Let y be j(-20). Let a(r) = -46 - 58 + 4*r - 7*r + 110 + r. Calculate a(y).
-8
Suppose -g - 1 = 4*h, 4*g + 270*h = 275*h - 25. Let n(o) = o**3 + 8*o**2 + 11*o + 15. Calculate n(g).
35
Let r(o) = -o. Let n(f) = -16*f - 57. Let q(t) = -n(t) + 2*r(t). What is q(-9)?
-69
Suppose -5*x = -10 - 0. Let g be 25/10*(-4)/(-6)*3. Let n be (-9)/x + g/10. Let b(o) = -o**2 - 4*o - 1. Give b(n).
-1
Let z(n) = -66*n**2 - n - 17. Let w(b) = 155*b**2 + 2*b + 35. Let i(t) = -3*w(t) - 7*z(t). What is i(-3)?
-16
Let o = 24 + -18. Let f(p) be the first derivative of -17 - p - 1/2*p**2. Give f(o).
-7
Let y(j) be the first derivative of -j**4/4 - 2*j**3 - 2*j**2 + 12*j + 128. Give y(-